2. What is the units digit of s?
1
Let q be 4*(-1 + 0/(-3)). Let z = 30 + -9. What is the units digit of (-2)/8 - z/q?
5
Let y(z) = 5*z + 6 + 3*z - 2 - 2. Let t be y(-2). What is the units digit of (t + 2)/(12/(-8))?
8
Let l be 30/(-7) + (-6)/(-21). What is the units digit of 8/(-12)*18/l?
3
Let d = -31 - -21. Let y = 42 + d. What is the tens digit of y?
3
Let h = -2 + 1. Let p be (-3)/(1/1)*3. What is the units digit of (h + p)*(-1 - 0)?
0
What is the tens digit of (-1 + -1)*(-5 - 17)?
4
Let j = 130 - 184. Let n = -10 - j. What is the units digit of n?
4
Let u = 76 + -145. Let z be (u/(-12))/(1/4). Let o = -14 + z. What is the units digit of o?
9
Let v(h) = -h**3 - 5*h**2 + 5. Let z = 4 + 1. Suppose 4*i + 25 = -4*j - j, i - 25 = z*j. What is the units digit of v(j)?
5
Let o = 37 - -8. Suppose 3*q = 4*s - o, s + 0 = -q + 6. Let l(i) = i**2 - 8*i - 4. What is the units digit of l(s)?
5
Suppose 0 = -5*y + 10, 2*t + 8 = -2*y + 3*y. Let v be (-15 - t)/(1/1). What is the units digit of (-9)/v + 5/4?
2
Suppose -4*j = 3*t - 56, -j + 116 = -2*t + 7*t. Suppose s - t = -5. What is the tens digit of s?
1
Suppose -3*k + 79 - 17 = -2*g, 140 = -4*g - 2*k. Let u = -20 - g. What is the units digit of u?
4
Suppose 5*s - 13 = 4*c + 14, -s + 12 = -3*c. Let x = 6 - s. Let i = x + -2. What is the units digit of i?
1
Suppose -18 = -4*l + 42. What is the tens digit of l?
1
Suppose -o - 6*o = -266. What is the tens digit of o?
3
What is the units digit of (-1)/(-5) - (-64)/5?
3
Suppose -c = 23 - 121. What is the units digit of c?
8
Let q(a) = -2*a + 5. Let o(z) = 3*z - 7. Let i(y) = 5*o(y) + 7*q(y). What is the units digit of i(6)?
6
Let p(r) = -31*r - 18. What is the hundreds digit of p(-11)?
3
Suppose -2*o + 78 = 4*o. Let q be 2/(-4) - (-11)/(-2). Let x = o + q. What is the units digit of x?
7
Suppose i + 5*b - 69 = 0, -2*i = 3*i + 2*b - 230. What is the units digit of i?
4
Let s = 3 + -3. Let p be -2 + (0 - 2) + s. What is the units digit of p/(-6)*(0 - -3)?
2
Let j = -9 + 16. Suppose -2*d + 15 = -j. What is the tens digit of d?
1
Let l = 479 - 259. What is the units digit of l?
0
Let q(t) = 4*t + 12. What is the units digit of q(6)?
6
Let g = -7 + 8. What is the units digit of g/2*(6 - 2)?
2
Suppose 0 = -2*u - 22 + 6. Suppose -3 = -a - 2. What is the units digit of (a + u)/(2/(-2))?
7
Let f(n) = n**3 - 8*n**2 - 13*n - 6. What is the tens digit of f(10)?
6
Let u(x) = 3*x**2 - 2*x - 2. Let l be u(2). Let d be (-3 - (-1 + 1)) + 4. What is the units digit of (-1 - d)/(l/(-12))?
4
Suppose -2*v - 3*r + 125 = 0, 6 = -2*r - 0. What is the units digit of v?
7
Let v(a) = 11 - 2 - 3*a + 3 + 2. What is the tens digit of v(-11)?
4
Suppose 0 = -3*x + 4 + 2. Let c(a) = 8 - x*a**2 + 8 - 1 + 3*a**2. What is the tens digit of c(0)?
1
Let a = -16 - -19. Suppose a - 1 = -2*r, -5 = -3*p - r. What is the units digit of p?
2
What is the units digit of 3/(-2)*-18 + -3?
4
Let f(p) = 3*p**2 - p. Let l be (1/(-2))/(2/4). Let o be f(l). Suppose -v + 55 = 3*v + 5*h, -o*v = h - 43. What is the units digit of v?
0
Suppose 3*m - 3*z = -2 - 1, 10 = 2*m + 2*z. Suppose -m*r + 5 = -15. What is the tens digit of r?
1
Let s = 0 - -2. Let r(n) = 1 + 0 + 4*n - 5 + n**s. What is the units digit of r(-6)?
8
Let d(z) = -z**3 + 13. Let t = -4 + 4. What is the tens digit of d(t)?
1
Suppose -4*b - 88 = -8*b. Suppose l - b + 0 = 0. What is the units digit of l?
2
Suppose -d - 5*x = -20, -2*x + 64 = 2*d - 0*d. What is the tens digit of d?
3
Suppose -4*i = 25 + 3. Let f = 11 - i. What is the tens digit of f?
1
Let v be (2/4)/((-2)/(-8)). Suppose 2*g + v*g = -4. Let a = 2 - g. What is the units digit of a?
3
Let d(h) = -h**2 + 10*h + 6. Let u be (-60)/(-9) + (-6)/9. Let l be d(u). Suppose l = 5*c - 3*c. What is the tens digit of c?
1
Let i(w) = 6*w - 6*w - 3*w - 6*w - 1. Suppose 3*v + 5 = -5*q, 0 = -2*q - v + 6*v - 2. What is the units digit of i(q)?
8
Let k = 228 + 170. What is the tens digit of k?
9
Let a(d) = 2*d - 2. Let o(y) = 9*y**3 - 2*y**2 + 1. Suppose 7*q - 2*q - 5 = 0. Let h be o(q). What is the tens digit of a(h)?
1
Suppose 0 = 5*g - 2*m - 2*m - 607, -5*m + 133 = g. Suppose 3*q - 366 = -g. What is the units digit of (-5)/20 + q/4?
0
Let n(l) = -l**2 - 5*l + 8. Let g(y) = -y**3 + 4*y**2 + 5*y. Let s be g(5). Suppose 3*q - 2*m - m = -6, s = 5*m + 20. What is the units digit of n(q)?
2
Let l(p) = -2*p + 1. Let d be l(-6). Let g = d - 8. Suppose s - 14 = -2*t, t = g*s - t - 22. What is the units digit of s?
6
What is the units digit of (-2403)/(-45) + 4/(-10)?
3
Let m be (-3)/(-12) + 26/(-8). Let d be (2 + m)/(2/(-6)). Suppose d*t + 32 = 2*r, 5*t + 9 = -1. What is the tens digit of r?
1
Let j(m) = -m**2 - 5*m. Let n be j(-3). What is the tens digit of 51/n*(3 - -1)?
3
Let v(g) be the third derivative of -g**6/8 + g**4/24 - 2*g**2. Let w be v(-1). What is the units digit of (-8)/(-1)*7/w?
4
What is the tens digit of 2/2 - (1 - 44)?
4
Suppose -3*f + 9 + 3 = 0. Suppose 2*j - 6*j + b = -93, 0 = -4*j - f*b + 88. What is the tens digit of j?
2
Let f(z) be the second derivative of 1/3*z**3 - z + 0 - 3*z**2. What is the units digit of f(5)?
4
Let d(j) = -80*j. Let b be d(-1). What is the tens digit of (-6)/(-5)*b/3?
3
Let o(a) = a**3 + 2*a - 3. Let g be o(2). Suppose g = y - 17. What is the tens digit of y?
2
Let k = -163 + 217. What is the tens digit of k?
5
Let b(r) = r + 6. What is the units digit of b(0)?
6
Suppose -1 - 6 = -h - 3*x, 0 = 3*h + 3*x - 3. What is the tens digit of (-4)/((-2)/(-28)*h)?
2
Suppose -5*q - 10 = 5*f, 0 = 2*f - 0*f + 5*q + 13. Let d = -2 - f. What is the tens digit of -18*(d + (-7)/(-3))?
1
Suppose -2*j + 3*j + 68 = 3*k, 5*k - 113 = 2*j. What is the units digit of k?
3
Suppose -i = -5 - 15. Let x be 0 + i + 2 + -3. Suppose x = -0*s + s. What is the tens digit of s?
1
Let i = 10 - 7. Suppose 1 = 2*h + 2*l - 59, i*h = 4*l + 90. What is the units digit of h?
0
Let s(p) = -2*p**3 - 14*p**2 + 9. What is the units digit of s(-8)?
7
Let u(k) = -k**2 + 9*k + 11. Let t(n) = -n**3 + 9*n**2 + 12*n - 10. Let p be t(10). What is the units digit of u(p)?
1
Let d = 41 + -18. What is the units digit of d?
3
Let v = -41 + 87. What is the tens digit of v?
4
Suppose -q - 25 = -4*q - a, q - 3*a = 25. Let m(b) = b**3 - 9*b**2 - 12*b + 12. Let u be m(q). Let l = u - -19. What is the tens digit of l?
1
Let p = -9 - -206. What is the tens digit of p?
9
What is the units digit of (5/3)/(9/297)?
5
What is the hundreds digit of 20/6*(-1 + 97)?
3
Let y(l) = l**3 - 5*l**2 - 5*l - 2. Let i be y(6). Suppose u + 1 = i. Suppose u*w - 34 = 8. What is the tens digit of w?
1
Let f = -18 - -25. What is the units digit of f?
7
Let f(o) = 2*o - 2. Let v be f(3). Suppose -v*s - 3*b + 8 = 0, 2 + 10 = 3*b. What is the units digit of -2*-2*s/(-2)?
2
Suppose 2*d + 8 = 0, 3*y + 3*d = -y - 4. Let r be y*(-1 - -2) + 37. Suppose -r = -3*j - 15. What is the units digit of j?
8
Let d = -49 - -98. Let a = d - 34. Suppose -6*f + f = -a. What is the units digit of f?
3
What is the units digit of 20/(-15)*(-27)/6?
6
Suppose -y + 38 - 6 = 0. What is the units digit of y?
2
Suppose 3*o + o = -4*x + 68, 3*o - 53 = -2*x. What is the tens digit of o?
1
Let d = 16 - 11. Let a(z) = z - 2. Let n be a(d). Let k = 5 - n. What is the units digit of k?
2
Suppose 7*l = 221 + 185. What is the units digit of l?
8
Suppose -2*j - 3*j + 4*r = -177, 42 = j - 3*r. What is the tens digit of j?
3
Suppose o - 7 = -2. Suppose -o*m - 2*n = 3*n - 50, 2*n - 11 = -m. What is the units digit of m?
9
What is the units digit of 12/(-30) - 212/(-5)?
2
Suppose 3*a + 4*c = 310, 0 = 2*a + 2*a + c - 396. What is the tens digit of a?
9
Let l(b) = b + 7. Suppose -2*p - 18 = -w, 4*p + w = -p - 45. Let a be l(p). What is the units digit of (1 - a)/((-36)/(-192))?
6
Let j = 132 - 90. What is the tens digit of j?
4
Suppose 4*n - 4 = 2*c + 14, n = 5*c. Suppose -5*t + 85 = s, 38 = t - 3*s + n. What is the tens digit of t?
1
Let a be (-6)/(-4)*(-128)/(-6). Suppose 9 = -w + a. What is the units digit of w?
3
Let j(l) = -l**3 + 5*l**2 - 5*l + 4. Let d be j(4). Let y be (-4)/18 - (-4)/18. What is the units digit of 4 + (d + y)/3?
4
Suppose 5*t + 360 = 3*i, -3*i = t - 0*i + 54. Let h = 121 + t. Suppose -5*f + 3*p = -h, 15 = 4*f - 3*p - 29. What is the units digit of f?
8
Suppose q 